et s be h(-5). Let c(r) = 0 - 7*r + s - 1 - 7. Determine c(2).
-12
Let f(l) = l + 4. Let b(a) = -a + 5. Let i be b(5). Suppose 0 = u - 3*t, 4*u + 2*t + i*t = 0. Suppose 3*s + u*s - 12 = 0. What is f(s)?
8
Let b(h) = h**2 - 2*h - 5. Suppose 6*s = 9*s + 5*s. Calculate b(s).
-5
Suppose 48 = -8*h - 40. Let s(g) = -9*g**3 - 3*g**2 + g - 16. Let q(o) = -5*o**3 - o**2 - 8. Let f(n) = h*q(n) + 6*s(n). Give f(6).
-8
Let f be (-2)/22 - (-216)/(-44). Let v(u) = -u**3 - 4*u**2 + 5*u + 5. What is v(f)?
5
Let a = 1632 - 1631. Let d(u) = 0*u - 6*u**3 + 0*u - 5 - 4*u**2. Let s(j) = -11*j**3 - 7*j**2 - 9. Let o(t) = 7*d(t) - 4*s(t). Give o(a).
3
Suppose -2*o + 37 = -v, 5*o + 3*v = 17 + 81. Suppose -14*f = -23 - o. Let w(j) = -7*j + 13. Let h(k) = 13*k - 25. Let s(p) = 6*h(p) + 11*w(p). Calculate s(f).
-4
Let h(q) = -7*q. Let d(v) = v**2 - 7*v - 15. Let k be d(9). Suppose -l = -4*s - 0*l + 9, k*l = -3. Give h(s).
-14
Let c(v) = v**3 - 6*v**2 + 2*v - 8. Let j be c(6). Let f(n) be the first derivative of n**2 - 4*n + 6 - 4*n**2 + j*n**2 - 2. Give f(5).
6
Let k(u) = u**3 - u**2 - 24. Let t be 1/(-5)*(-17 + 17). Calculate k(t).
-24
Suppose -4*z = -5*l - 40, 0 = 3*l - 9*z + 10*z + 7. Let d(j) = j**2 + 5*j + 5. Let h(k) = -k**2 - 5*k - 4. Let i(q) = 3*d(q) + 4*h(q). Give i(l).
3
Let a = 11 + -19. Let y(m) = 6*m**3 + 5*m**2 - 2*m + 8. Let g(p) = 5*p**3 + 3*p**2 - 3*p + 7. Let n(q) = -7*g(q) + 6*y(q). Determine n(a).
-9
Let n(r) = 11*r + 67. Let v be n(-6). Let t(c) = c**2 - c + 2. Calculate t(v).
2
Let a(l) = -l**2 - l - 2. Let h = 51 - 53. Let j(g) = 3*g**2 + 2*g + 5. Let u(n) = h*j(n) - 5*a(n). Calculate u(3).
-6
Let v(t) = 10*t + 19. Let d(q) = 7*q + 19. Let r(m) = -4*d(m) + 3*v(m). Calculate r(7).
-5
Let p(o) = -o - 2. Let i be (-5)/(-20) + (-15)/80*-4. Determine p(i).
-3
Let y = 1 - 8. Let o = 10 - y. Let l(f) = f + 14 - o + 9. What is l(-3)?
3
Let d be ((0/1)/(-3))/(3/(-3)). Let j = d - -4. Let u(y) = y**2 - 4*y - 4. Calculate u(j).
-4
Let x(n) = 4*n**2 - 6*n - 1. Let c be -9*(3 - 20/6). Let w(g) = 5*g**2 - 6*g - 2. Let s be (-6)/21 + (-24)/14. Let p(q) = c*x(q) + s*w(q). What is p(4)?
9
Let l(x) be the second derivative of -x**3/6 - x**2/2 - 127*x. Let s(u) = 2*u - 8. Let m be s(7). Let c = -6 + m. Calculate l(c).
-1
Suppose -3*c = -8*c. Suppose 2*y + 6 - 22 = c. Suppose y*v - 4*v = 0. Let j(i) = -i**2 - i - 3. Give j(v).
-3
Let d(y) = 2*y + 9. Suppose 0 = -9*r + 3 + 15. Suppose r*h + 6 = 4*i - 6*i, 6 = -3*i - 4*h. Calculate d(i).
-3
Let m(b) be the third derivative of b**7/840 + b**6/180 - b**5/30 - b**4/24 - 4*b**3/3 + 16*b**2. Let h(q) be the first derivative of m(q). Determine h(-3).
2
Let x(z) be the third derivative of -z**5/20 + z**4/6 - z**3/2 + 46*z**2 - 2*z. Let n(w) = w - 4. Let p be n(6). Determine x(p).
-7
Suppose -88 = -4*x - 276. Let m = 40 + x. Let f(k) = -k - 6. Determine f(m).
1
Let v(q) be the third derivative of q**5/60 + q**4/6 - 5*q**3/6 + 1168*q**2 - 2. Let x = -9 - -4. Give v(x).
0
Let p(l) be the third derivative of l**4/24 - l**3/2 + 94*l**2. Determine p(-3).
-6
Let p = -6 - -16. Suppose -j - p = -6*j. Suppose -2*w + 10 = -j. Let h(r) = -r - 2. What is h(w)?
-8
Let n(q) = -5*q**3 + 15*q**2 - 5*q. Let x be n(2). Let b(u) = -u + 19. Give b(x).
9
Let s(y) = -29 + 73 - 3*y - 7*y**2 + 17*y + 8*y**2. Let r be s(-7). Let h(t) = 2*t**2 + 5*t - 3. Determine h(r).
22
Let g(d) = -5*d - 14. Let t(c) = c. Let k(u) = -g(u) - 4*t(u). Determine k(0).
14
Let j be ((-50)/(-90))/(-5) - 16/18. Let y(f) = -5*f**2 + f + 1. Calculate y(j).
-5
Let h(d) be the first derivative of d**4/4 - 4*d**3/3 - 5*d**2/2 + 8*d - 130. Determine h(6).
50
Let h(j) be the second derivative of 1/20*j**5 + 2*j + 0*j**4 - 1/2*j**3 + 0 + 3/2*j**2. Calculate h(2).
5
Let w(n) = 3*n**2 - n - 1. Let j = 39 + -32. Suppose -4 - 10 = j*h. Determine w(h).
13
Let w(j) = j + 6. Let k(l) = -l - 7. Let n(d) = -6*k(d) - 5*w(d). Suppose 2*v + 3*v + 11 = -4*x, 2*x = 3*v - 11. Let b be 0/(1 - (x - -7)). Calculate n(b).
12
Let z = -42 + 46. Let a(n) = -n**2 + n. Give a(z).
-12
Let c(i) = -i**2 - 6*i - 2. Suppose 5*r + 4*l - 6*l = -45, l + 23 = -4*r. Determine c(r).
-9
Let i(u) = -16*u - 1. Let n be (5 - 2) + (-1 - 6). Let p = n + 3. What is i(p)?
15
Let p(m) = 5 - 2 + m**2 + 0*m - 2*m**2 - 3*m. Let g = 9 - 10. Let o(t) = -4*t**2 + 2*t + 2. Let l be o(g). Determine p(l).
-1
Let r = 17 + -8. Let b = r + -8. Suppose -4*d + b = -19. Let n(j) = -j + 1. Calculate n(d).
-4
Let i(u) be the first derivative of -u**6/120 + u**5/10 - 7*u**4/24 + 7*u**3/6 - 19*u**2/2 - 14. Let b(r) be the second derivative of i(r). Determine b(5).
-3
Let y be ((-9)/(-36)*0)/4. Let n(r) be the second derivative of r**2 - r + 1/12*r**4 + 1/3*r**3 + y. What is n(-3)?
5
Suppose 0 = 2*z + 5*f + 9 - 28, -3*z + 2*f + 19 = 0. Suppose -n + t + z = 0, 3*n + 2*t - 16 = -n. Let s(i) = -i**3 + 7*i**2 - 7*i. Calculate s(n).
15
Let f(l) = l + 9. Let q be -12 - (3 + -7) - -5. Let y be (-8 - -9)*-21*(-1)/q. What is f(y)?
2
Let u(f) = f + 8. Let b(v) = -1. Let i(x) = -6*b(x) - u(x). Let n(z) = 15*z - 201. Let r be n(13). What is i(r)?
4
Let y(f) be the first derivative of -f**3/3 + 15*f**2/2 + 14*f - 972. Give y(14).
28
Let z = -73 - -76. Let n(f) = 4*f**2 - 4*f + 4. Give n(z).
28
Suppose -33*g - 39 - 324 = 0. Let w(i) = -i**3 - 12*i**2 - 11*i. What is w(g)?
0
Let l = 0 - 1. Let z be 3 + -2 + (1 - l). Suppose 0 = -3*h + 2*u - 7, -3*u + z = -2*h + 5*h. Let s(j) = 3*j**2 - j. Determine s(h).
4
Suppose -3*w + 6*w = q - 16, 5*q - 30 = 5*w. Let a(g) = 3*g**3 - q - 2*g + 2 - g**3. Calculate a(1).
1
Let j(n) = n**3 + n. Let y be -5 - -4*(-24)/(-32). Calculate j(y).
-10
Let y(i) be the third derivative of 7*i**6/60 - i**5/30 + i**4/24 - 2*i**2 - 10. Let n = -11 - -11. Suppose k + n = 1. Calculate y(k).
13
Let b(f) = -4*f**2 + 8*f - 3. Let v(u) = -3*u**2 + 7*u - 3. Let c(s) = -2*b(s) + 3*v(s). Determine c(5).
-3
Let h(t) be the second derivative of t**3 + 1/12*t**4 + 3*t**2 + 4*t + 0. Let b(m) be the first derivative of h(m). What is b(-5)?
-4
Let g(p) be the second derivative of 5/2*p**2 + 0 + 1/6*p**3 - 7*p. Calculate g(0).
5
Let g(s) = -3 + 4*s - 2 + 0*s**2 - s**2. Suppose 4*q = -2*m + 18, 2*m - 5*m = 9. Let k be 8/(-3)*(-9)/q. Determine g(k).
-5
Suppose 3*p - 3*n = -3, -2*p - n + 10 + 0 = 0. Let b(h) = -h**p - 120*h - 5*h**2 + 120*h - 5. Determine b(-5).
-5
Suppose -g - 3*g + 28 = 0. Let f = g - 9. Let m = 4 - f. Let n(i) = i**2 - 8*i + 4. What is n(m)?
-8
Let v(d) = 9*d**3 - d**2 + 4*d - 11. Let t(k) = -5*k**3 - 2*k + 6. Let j be -3*(-2)/(0 - (-12)/(-8)). Let y(f) = j*v(f) - 7*t(f). Calculate y(4).
-6
Let o(r) = -r - 8. Let p = 198 - 137. Let x = -68 + p. Give o(x).
-1
Let i(v) be the first derivative of -v**2 + 2*v - 82. Give i(-5).
12
Let m(b) = 908*b + 0 + 2 - 912*b - 3. What is m(3)?
-13
Let u be -9*((-6)/2 + 4). Let m(h) = h**2 + 10*h + 4. Give m(u).
-5
Let n(s) = s**2 - 7*s + 2. Suppose -2*h + 3*y = -2*y - 37, 0 = h - 5*y - 31. Give n(h).
-4
Suppose 4*z + z + 34 = -4*q, -q = 5*z + 16. Let d(i) be the first derivative of -i**4/4 - 2*i**3 + i**2 + 7*i + 1. Give d(q).
-5
Let b(q) = -q**2 + 7*q + 10. Let s(l) be the second derivative of l**4/12 - 5*l**3/6 + 4*l**2 + 15*l. Let x be s(5). Determine b(x).
2
Let j(i) = -i + 8. Let m be j(13). Let f(u) = 5*u**2 - 15*u + 12. Let p(x) = 3*x**2 - 10*x + 8. Let a(o) = -5*f(o) + 8*p(o). Determine a(m).
4
Let k(h) be the second derivative of h**3/6 + h**2/2 + h - 30. What is k(-7)?
-6
Let g(x) = -x - 1. Let z be g(-13). Let l = z + -10. Let i(a) = 6 - 2*a + 3*a + 3*a**2 - 4*a**l - a**3. Give i(0).
6
Let j(n) be the second derivative of n**5/20 - 13*n**4/12 + 13*n**3/6 - 4*n**2 + 66*n. What is j(12)?
4
Let d(c) = 5*c - 6*c - 12 + 22. Calculate d(8).
2
Suppose -40 = -8*l + 13*l. Let g(p) = 7*p**2 + 2*p**2 + 8*p - 3*p + 3*p + p**3 - 7. Determine g(l).
-7
Let d(r) be the first derivative of r**3/3 - 3*r**2 + 5*r - 937. Give d(11).
60
Let d(u) = 2*u**2 + 4 + 144*u - 143*u - 4. Calculate d(2).
10
Suppose -b + 15*r - 18*r = 9, -1 = 5*b + 4*r. Let t(k) be the second derivative of -1/3*k**3 - 1/20*k**5 - 6*k - b*k**2 + 0 - 5/12*k**4. What is t(-4)?
-14
Let d = 558 - 334. Let c(b) = -225*b + 5 - 5 + 4 + d*b. Give c(3).
1
Let v(k) = 14*k + 44. Let d(p) = -13*p - 47. Let a(q) = -6*d(q) - 5*v(q). Give a(-8).
-2
Le